n 6 is divided by q?
1
Suppose 0*u + 40 = 2*u. Let n = u - -22. Suppose 0 = 3*i - 7 - 8, -i + n = x. What is the remainder when x is divided by 13?
11
Let w = -113 + 211. Let b = 113 - w. What is the remainder when b is divided by 6?
3
Let k be (-84)/16 - (-2)/8. Let g = k + 18. What is the remainder when ((-9)/(-6) - (-12)/8)*17 is divided by g?
12
Let k(l) = l**2 - 7*l + 34. Let b(v) = 10*v**3 + v**2 - 3*v + 3. Let q be b(1). Let o(h) = 3*h**2. Calculate the remainder when k(q) is divided by o(3).
24
Suppose 2*x = -x + 9. Suppose 4*f = 2*o + 3*o - 42, 0 = -x*o - 3*f + 36. Calculate the remainder when 17 is divided by (-62)/(-10) + (-2)/o.
5
Suppose i - 3*t - 14 = 72, 3*i = -3*t + 234. Let x = i + -43. What is the remainder when x is divided by 10?
7
Suppose 100*o = -34*o - 36*o + 1020. What is the remainder when -1 + 78/2 + 1 is divided by o?
3
Let y be ((-5)/(-2))/((-4)/(-8)). Suppose z + 4*x - 5 = 5, 4*z = y*x + 61. Calculate the remainder when z is divided by 6.
2
Let w = 552 - 447. Calculate the remainder when w is divided by 22.
17
Let b(u) = 2*u**2 - 136*u + 141. What is the remainder when 2/3 + 138/9 is divided by b(67)?
2
Suppose -6*y + y - 2*i = 257, 0 = 4*y - 3*i + 224. Let r = y + 56. Calculate the remainder when r is divided by 1.
0
Suppose -5*r + 2*o = -10*r + 26, 0 = 3*r - 5*o + 3. Suppose 5*n = 3*d - 49, -r*d + 9*d - 5*n - 75 = 0. What is the remainder when 23 is divided by d?
10
Let b = -32 - -49. Suppose -19*c = -1015 + 179. Calculate the remainder when c is divided by b.
10
Suppose -2*q - 3*n = -13, 2*n - 2 = -q + 4. Let b be (-2)/4 - 14/(-4). What is the remainder when 220/15 + 1/b is divided by q?
7
Let z = -29 - -81. Suppose -z = -2*x - c + 21, -2*c - 2 = 0. Suppose -n = d - 3, -n + d = 3*n - x. What is the remainder when 13 is divided by n?
5
Let f = 249 + -112. Calculate the remainder when f is divided by 14.
11
Suppose 0 = 14*m - 16*m. Let n(g) = 13*g + 259. What is the remainder when n(m) is divided by 52?
51
Let y(t) = -8*t - 6. Let h be (-6)/(-3) + (-3 - -7). Suppose -h*b + b - 25 = 0. Calculate the remainder when 66 is divided by y(b).
32
Suppose 2*j - 3*o = 2360, o - 1175 = -34*j + 33*j. Calculate the remainder when j is divided by 62.
61
Let t = 176 + 5. What is the remainder when t is divided by 31?
26
Let v = -849 - -1147. Calculate the remainder when v is divided by 93.
19
Let m(q) = q**3 - 21*q**2 - 22*q + 5. Let f be m(22). Suppose -3*g + 414 = 3*u, f*g - 666 = 4*u - u. Calculate the remainder when g is divided by 34.
33
Let f(r) = -75*r**3 + r**2 + 1. Let p = 34 - -5. Calculate the remainder when f(-1) is divided by p.
38
Let j(u) = -21*u - 131. What is the remainder when 205 is divided by j(-8)?
20
Suppose 0 = 6*f - 18*f + 432. What is the remainder when 64 is divided by f?
28
Let h(v) = -24*v + 8. Let i be h(2). What is the remainder when 41 is divided by (i/100)/((-1)/55)?
19
Suppose 0 = 4*f + 2*f + 2*f. Suppose f = 2*z + 2 - 36. Calculate the remainder when 48 is divided by z.
14
Suppose p - 5*g = 36, 0*p + 3*g + 4 = -p. Suppose 0 = 13*x - 18*x + 155. Calculate the remainder when x is divided by p.
9
Let m be 15/((-3)/3)*10. What is the remainder when 25 is divided by (-22)/(-121) - m/22?
4
Suppose 4*p - 60 = 236. What is the remainder when p is divided by 38?
36
Suppose 9*x - 26 = 28. What is the remainder when 43 is divided by x?
1
Let z = 42 - 22. Suppose -3*t = t - z. Suppose 7*d - 70 = -t*o + 2*d, 5*d = 4*o - 29. Calculate the remainder when o is divided by 6.
5
Let v be (5/(-2))/(14/84). Let k = -10 - v. Suppose -21 + 3 = -2*s + k*x, 20 = 5*x. What is the remainder when 74 is divided by s?
17
Suppose u - d = 21, -5*u + 93 = 2*d - 4*d. Let h(w) = -98*w + 2. Let m be h(-2). Suppose -m = -4*o + o. What is the remainder when o is divided by u?
15
Suppose -8 = 5*x - 23. Suppose -x*g = 6*g - 54. What is the remainder when (-3)/(-4)*14*2 is divided by g?
3
Suppose 2*u = 21 + 23. Suppose -3*a - 4*v + 15 = -9, 4*a + 2*v = u. What is the remainder when 7 is divided by a?
3
Suppose -3*k + 44 = -4. Let f = 825 - 762. What is the remainder when f is divided by k?
15
Suppose -45 = -7*k + 6*k. Suppose 0 = 10*i - 5*i - k. Calculate the remainder when 15 is divided by i.
6
Suppose 52*m = 51*m + 11. Let k(d) = -d**2 - 7*d + 8. Calculate the remainder when k(-5) is divided by m.
7
Suppose -3*x - 1 - 11 = 0. Suppose 3*s + 81 = 2*o + 10, s = 3*o - 103. What is the remainder when o is divided by (-2)/8 + (-49)/x?
10
Let s = 7 + -11. Let u = s - -40. Suppose 0 = -2*b + 70 + 144. What is the remainder when b is divided by u?
35
Let a(t) = 15*t - 12. Suppose 2*j = -0*j + 30. Let p = 20 - j. Calculate the remainder when a(p) is divided by 33.
30
Suppose -2*f + f = 3*m - 8, 4*m = 5*f - 78. Let g = 15 + f. Calculate the remainder when g is divided by 10.
9
Let o be 61/(4 + -7 + 4). Suppose 0 = -4*b - 4*a - 9 + o, -a - 31 = -3*b. What is the remainder when b is divided by 7?
4
Suppose 4*y - 8*y + 44 = 0. What is the remainder when y is divided by ((-42)/18)/(-2*9/54)?
4
Let o be (-31)/(-11) + (-2)/(-11). Suppose l - 124 = -o*l. Suppose 0 = -2*i + p + 24 + 6, -5*p = -20. What is the remainder when l is divided by i?
14
Let w = 222 + 166. Calculate the remainder when w is divided by 26.
24
Let f = 64 - 56. Let m be 4/20 - (-11)/(-5). What is the remainder when ((-3)/m)/((-3)/(-28)) is divided by f?
6
Let j = 959 + -938. Calculate the remainder when 1404 is divided by j.
18
Suppose -34 = -2*n + 2. Suppose 2*y - 25 = -5*m, 2*m + 227*y = 222*y + 31. What is the remainder when n is divided by m?
0
Suppose j + j - 12 = 0. Suppose 3*n - 4*d - j = 7, 4*d + 1 = -n. Suppose -n*g + 46 = -2. What is the remainder when 30 is divided by g?
14
Suppose -4476 = l - 13*l. Calculate the remainder when l is divided by 18.
13
Suppose -25 = 5*b, -15*h + 11*h + 370 = 2*b. What is the remainder when h is divided by 28?
11
Calculate the remainder when -6*((-2)/(-24))/(2/(-524)) is divided by 35.
26
What is the remainder when 267 is divided by 44/(-20) + 504/70?
2
Let z(d) be the second derivative of d**4/6 + 11*d**3/3 - 9*d**2 - 10*d. Calculate the remainder when 101 is divided by z(-13).
33
Suppose -9*z + 8*z = -177. What is the remainder when z is divided by 51?
24
Let w(q) = 7*q - 9. What is the remainder when 548 is divided by w(4)?
16
Let q = -1691 - -1697. Let s = 6 + -3. Suppose -4*x - 10 = -s*j + 15, 11 = j - 2*x. Calculate the remainder when q is divided by j.
0
Let j = 108 - 60. What is the remainder when j is divided by -8 + (-30)/24*-20?
14
Let w(q) = -4*q**2 - 100*q - 34. Calculate the remainder when w(-23) is divided by 4.
2
Let j(v) = v**3 + 19*v**2 - 45*v - 40. What is the remainder when 136 is divided by j(-21)?
21
Let r(b) = b**3 + 10*b**2 + 15*b + 26. Calculate the remainder when (66 - 1)*(-2 - -3) is divided by r(-8).
31
Suppose 28 = -2*u + 484. Suppose -4*y = -y - 18. Suppose y*s - u = 78. Calculate the remainder when s is divided by 27.
24
Let z(l) be the first derivative of l**4/4 - l**3/3 + l**2/2 + 9*l + 43. What is the remainder when (3/(-2))/((-2)/76) is divided by z(3)?
27
Suppose z - 268 = -4*a, 0 = -3*a - 4*z + 101 + 87. Calculate the remainder when a is divided by 47.
21
Let l = 1029 - 872. Calculate the remainder when l is divided by 53.
51
Suppose 2*w + 558 = 596. Calculate the remainder when 28 is divided by w.
9
Let c(t) = t + 14. Let l be c(-17). What is the remainder when 123 is divided by l*(62/(-10) + 2/10)?
15
Let b(g) = -g**3 - 9*g**2 + 11*g - 6. Let n be b(-9). Let m = n - -112. What is the remainder when 104 is divided by m?
6
Let w = 1203 + -1201. Suppose 5*p + 2*t - 38 = 0, -5*t + 2 = -p - 12. What is the remainder when p is divided by w?
0
Let u = 154 + -146. What is the remainder when u is divided by (-1)/1 - (-4 - 0)?
2
What is the remainder when 149 is divided by ((-8)/(-42)*-9)/(2/(-84))?
5
Suppose 40 = 2*r - 4*h, -r = -h + 5 - 22. Suppose 5*t + 4*d = 59, -3*d = 3*t + r - 50. What is the remainder when 26 is divided by t?
4
Suppose 0 = m + 3, 54 = -3*y - 2*y + 2*m. Calculate the remainder when 56 is divided by -15*(-4)/y*-4.
16
Suppose -5*n = -8*n + 9. What is the remainder when ((-4)/(-12))/(n/558) is divided by 21?
20
Let q be (16/(-24))/(-2 - 40/(-18)). What is the remainder when q/1*(1 - (-66